usands digit of n(-2)?
3
Let g = 25 - 17. Let k be g*-1 + 4 - -27. Let p = 95 - k. What is the tens digit of p?
7
Let c = 392 - 178. What is the units digit of c?
4
Let v = -1406 + 2625. Suppose -5*o + v = -4*a, 3*a - 563 - 406 = -4*o. Suppose 4*w + o = 5*z, 0 = -z - z + 2*w + 96. What is the units digit of z?
1
Let y(h) = 6*h**2 - h**2 + 3*h - 3 - 3 + 1. What is the tens digit of y(4)?
8
Let w be (13/(-4))/(6/48). What is the units digit of 4845/195 - 4/w?
5
Let l be (1/3)/((-3)/(-90)). Let k(s) = 3*s**2 - l + 13*s - 4*s + 4*s - 2*s**2. What is the units digit of k(-15)?
0
Let a be (22/8)/((-1)/(-12)). Let b = 33 - a. What is the tens digit of (b - -17)*(-24)/(-6)?
6
Let z(y) = -3*y + 5. Let r(q) = -2*q + 5. Let s = 4 - 2. Let t(g) = s*r(g) - 3*z(g). What is the units digit of t(4)?
5
Suppose 0 = 3*r + 41 + 7. Let u = 21 + r. Suppose 0 = -u*v + 15, 2*y = 3*v - v + 32. What is the tens digit of y?
1
Suppose 5*f - 5*o - 35 = 0, -2*o - 3 = -1. Suppose -72 = -10*d + f*d. What is the units digit of d?
8
Let r = -31 - -21. Let a = r - -15. Let l(u) = 3*u + 5. What is the tens digit of l(a)?
2
Let c be (-4270)/(-56) - (10/8 - 1). Suppose -3*v + 196 - c = 0. What is the units digit of v?
0
Let i(t) be the second derivative of 5*t**3/6 - t**2 + 40*t. Let b = 27 + -19. What is the units digit of i(b)?
8
Let d(j) = j - 34. Let x be d(7). What is the tens digit of 474/(-8)*36/x?
7
Let u(i) = i**3 + 7*i**2 - 11*i + 5. Let x(r) = r**3 - 8*r**2 + 4*r + 9. Let k be x(7). Let o = -20 - k. What is the units digit of u(o)?
9
Let d(u) = 13*u + 4. Let o be d(2). Let x = o - 28. Suppose -2*k + x*y = -5*k + 133, -k = 2*y - 39. What is the units digit of k?
7
Let i = 180 + -274. Let a = i + 160. What is the units digit of a?
6
Let o = 7233 + -3276. What is the hundreds digit of o?
9
Suppose -26 - 2398 = -2*s. What is the thousands digit of s?
1
Suppose 6*a - 9295 = -5*a. What is the hundreds digit of a?
8
Let p = -432 + 630. Suppose 4*a + 14 = p. What is the units digit of a?
6
Suppose -3*x - 4*x = -7. What is the units digit of (-2)/2 - (x + -56)?
4
Suppose 2*p + 156 = -4*p. Let j = p - -24. What is the units digit of -4 + (11 - 4/j)?
9
Let h be (2 - -130) + (-6 - (-5 - 0)). Let t = h + 120. What is the tens digit of t?
5
Let c(y) = -y + 11. Suppose -6 - 54 = -3*q. Let w = -10 + q. What is the units digit of c(w)?
1
Suppose -b - 1353 = -2*g, 4*g - b + 3*b - 2694 = 0. What is the units digit of g?
5
Suppose -12*p + 446 = -11*p. What is the units digit of p?
6
Let q = 76 + -15. Suppose -3*p + q = -2*p + 3*k, 0 = -4*p + 3*k + 259. What is the units digit of p?
4
Suppose 3*q + 2*l = 132, 0 = -q + 5*q - l - 165. Suppose -q = -5*m + 13. What is the units digit of 8 - m - (-29 - 0)?
6
Let l = -1 + -1. Let u be ((-15)/l)/((-7)/(-14)). What is the units digit of (-9)/u - (-78)/5?
5
Let s be (-1 - -1) + (-91)/13. Let d = 6 - s. Let m = -6 + d. What is the units digit of m?
7
Let i = -28 + 32. What is the tens digit of ((-14)/i)/((-18)/180)?
3
Suppose -777 = 4*o - 2637. What is the tens digit of o?
6
Suppose 2*o - 1090 = -238. What is the tens digit of o?
2
Let n be 0 + (-2 - -6) + (-1 - 0). Suppose -4*d - n*w + 452 = 0, -4*d + 350 + 106 = 2*w. What is the units digit of d?
6
Let u = 6 + -1. Suppose 4*i - 414 = -2*x, -u*x + 195 = 4*i - 2*i. What is the units digit of i?
5
Let z = -107 - -32. Suppose 0*y - 2*y - 4*b = 282, 0 = 3*y + 5*b + 421. Let s = z - y. What is the units digit of s?
2
What is the hundreds digit of -4 + (-21)/(-7) - -268?
2
What is the hundreds digit of ((-454)/(-5))/((-55)/(-1375))?
2
Let w = -30 - -31. What is the hundreds digit of w/2 + -550*(-2)/8?
1
Suppose -2609 = -3*r + u, r - 539 = 3*u + 320. What is the units digit of r?
1
What is the units digit of (-5)/2 + 266258/268?
1
Suppose 0*b + 2*b - 155 = p, -4*b + 313 = p. Suppose 2*u = -3*g + 352 - 129, -3*u = -g + b. What is the tens digit of g?
7
Let k(x) = x**3 + 6*x**2 - x - 3. Let g be k(-6). Suppose -3*s = 2*a - 16, g*s - 16 = 2*a + 4. Suppose -120 = -s*u - 0*u. What is the units digit of u?
0
Let j(v) = v**2 + 15*v + 21. Suppose -u - 12 = 2*c, 3*c - 3 = 6. What is the units digit of j(u)?
5
Let m(o) = o**3 + 55*o**2 + 133*o + 295. What is the thousands digit of m(-51)?
3
Let j = 2 + -7. What is the units digit of (0 - 1)/((-1)/(-155)*j)?
1
Let n = 925 + -607. What is the tens digit of n?
1
What is the units digit of 822/((-7)/2 - (-2 + -3))?
8
Let v(w) = -24*w - 30. Let k be v(-10). Suppose 110 = 2*d + 2*f, 3*d - 7*d - 2*f + k = 0. What is the tens digit of d?
5
Suppose 4*b = -0*b - 68. Suppose 120 = 65*k - 73*k. Let j = k - b. What is the units digit of j?
2
Let q(p) = 3*p**3 + p**2 + 13*p - 4. What is the units digit of q(4)?
6
Let i(o) = -2*o**2 + 15*o - 11. Let u be i(6). Suppose u*b - 1176 = -b. What is the units digit of b?
7
Let l = -56 + 156. Let q = l + 13. What is the hundreds digit of q?
1
Let y(n) = n**2 - 63*n - 23. What is the thousands digit of y(-14)?
1
Let k = 5 - 1. Suppose 0 = k*h + 4*g - 20, -2*g = h - 7 - 2. What is the tens digit of ((-4)/h)/(6/(-60))?
4
What is the units digit of 32270/40 - 3/(-12)?
7
Let d be 226/6 + (-2)/3. Let l = 53 + d. What is the tens digit of (-2 - -2) + l/6?
1
Let o(l) = -8*l + 6. Let p be o(-3). Let c = 169 - p. What is the units digit of c?
9
Let c(p) = 90*p + 4. What is the hundreds digit of c(23)?
0
Let h = 1222 + -1062. What is the tens digit of h?
6
Suppose 355 = 3*a + 115. Suppose a = y + 19. What is the units digit of y?
1
Suppose -18 = -2*s - 6. Let r be 18/(-12)*16/s. What is the units digit of 4*((-43)/r)/1?
3
Let l(v) = -79*v. Let r be l(1). Let f be (-2)/9 + r/9. Let h = f + 11. What is the units digit of h?
2
Let q be ((-55)/22)/(10/(-8)). Suppose 229 - 17 = 4*a - 3*j, 0 = -5*a + q*j + 272. What is the tens digit of a?
5
Let s = -51 - -14. Let d = -22 - s. Suppose -16*g + d*g = -19. What is the units digit of g?
9
Let g = -5 + 5. Suppose g = -10*b - 0*b + 1100. What is the hundreds digit of b?
1
Suppose -2*r = 5*b - 515, -224 + 1247 = 4*r + 3*b. Let w = r + -139. What is the units digit of w?
6
Let a = 12703 + -8832. What is the units digit of a?
1
Let z(b) = 201*b - 458. What is the thousands digit of z(12)?
1
Let w = 4 + -3. Suppose 3*k = w - 10. What is the units digit of -1 + k + 60/2?
6
Let t be 2/3*18/4. Let w be t + 2*(-2 + 3). Suppose -34 = -w*m + p - 15, 4*m + p - 8 = 0. What is the units digit of m?
3
Let l(o) = 2*o**2 + 3*o - 6. Let x = 6 + 5. Suppose 5*v + 17 = 3*f, 0*f + 3*v + x = 2*f. What is the units digit of l(f)?
8
Let h(m) = -23*m**3 + m**2 + 1. Let d be h(-2). Let f = d + -79. What is the units digit of f?
0
Let u(y) be the third derivative of 2*y**2 - 1/24*y**4 - 1/120*y**6 + 1/15*y**5 + 5/6*y**3 + 0*y + 0. What is the units digit of u(4)?
1
Suppose 4*o = -4, -6*s + 4*s + 3*o = -5. What is the tens digit of 25*(6 - (3 + s))?
5
Let y(h) = -4*h - 12. Let w(t) = -t**2 - t - 4. Let r be w(0). Let b be y(r). What is the tens digit of 682/(-33)*(-6)/b?
3
Let o(x) = -x**3 + 5*x**2 + 8. Let u be o(6). Let j = u + 26. What is the units digit of 53 + (j - -1)*3?
0
Let y(t) = 28*t**3 - 3*t + 3. Let c be y(1). What is the units digit of (c/(-6))/(4/(-42))?
9
Suppose 2*u + z - 49 + 10 = 0, 3*z = -5*u + 100. Let t(m) = 2*m**3 - 33*m**2 - 10*m + 3. What is the tens digit of t(u)?
2
Suppose 0 = -r - 0 + 4. Suppose 0 = b + j - 4 - 3, 0 = j - r. Suppose -4*i = -w - 111, 4*w = -8*i + b*i + 165. What is the units digit of i?
9
Suppose 5*j = -3*o + 24, 2 = 2*j + 4*o - 2. Suppose 0 = -2*b - 3*w + j, -5*b + 0*b = -4*w - 61. What is the units digit of b?
9
Let s(v) = 44*v + 3. Let d be s(1). Let b = 119 - d. What is the units digit of b?
2
Suppose -o + 3 = -3*x - 2, 5 = 5*x + o. Suppose x = n - 0*n - 20. Let c = -5 + n. What is the tens digit of c?
1
Let u be ((-4 + 6)/(1 - 3))/1. What is the tens digit of u/5 + (-5)/(-25)*321?
6
Suppose 0 = r - 6*r + 835. Suppose 3*b - 40 = r. Let i = b + -26. What is the units digit of i?
3
Suppose x = -5*b + 846, 0*b + b = -2*x + 1647. What is the tens digit of x?
2
Suppose -k = 5*r - 396, r = -4*r + k + 404. Let n = r - 52. What is the units digit of n/1 - (-12)/(-4)?
5
Let v(y) be the first derivative of -2*y**2 + 47*y + 2. What is the units digit of v(-14)?
3
Let u(x) = -31*x**3 - x**2 - x - 1